inder when w(-2) is divided by 18.
16
What is the remainder when 3 + -2 - (-56 + -5) is divided by 9?
8
Suppose 2*d - 3*c - 57 = 0, -3*d - 2*c + 128 = 2*c. What is the remainder when 107 is divided by d?
35
Calculate the remainder when (-137)/(-4) + 6/8 is divided by 12.
11
Let a be ((-1)/2)/((-3)/270). Suppose -a = -2*z - z. Calculate the remainder when 43 is divided by z.
13
Let j be 2/(32/(-31) - -1). What is the remainder when (-1 - j) + 6/(-2) is divided by 15?
13
Let d(l) = l + 23. Calculate the remainder when d(-8) is divided by 4.
3
Suppose -4*u + w + 2*w = 115, 2*w = -4*u - 90. Let h = u + 44. Suppose 0*y = -4*y + 148. What is the remainder when y is divided by h?
18
Let u(j) = 24*j**2 + 3*j + 8. What is the remainder when u(3) is divided by 39?
38
Let f(h) = -2*h + 5. Calculate the remainder when 15 is divided by f(-2).
6
Suppose -4*x + 32 = -0*x. Let l(r) = r**2 - 8*r - 6. What is the remainder when l(10) is divided by x?
6
Suppose -30 = -5*q - 10. Suppose 3*i - 7 = 11. Let z = i - q. What is the remainder when z is divided by 2?
0
Let h(f) = f**2 + 6*f - 2. Let v be h(-7). Suppose 4*s + 69 = v*a, -a = -6*a + 2*s + 77. What is the remainder when 31 is divided by a?
14
Let k = -1 + 6. Suppose 32 = k*a - 13. Suppose g = 22 + 11. What is the remainder when g is divided by a?
6
Suppose 0 = -5*p, -5*b + b - 5*p + 28 = 0. Calculate the remainder when 30 is divided by b.
2
Suppose 3*j = 42 - 12. Let c = j - 16. What is the remainder when 10 is divided by 1/(-3) + (-26)/c?
2
Let c be 0/(-2) - -1 - -1. Suppose 4*h = 2*s + 188, -c*h + 3*h - 54 = 4*s. What is the remainder when h is divided by 12?
10
Let o(h) be the first derivative of -3*h - 1/2*h**2 - 2. Calculate the remainder when 7 is divided by o(-7).
3
Let p = -5 - -3. Let i(o) = -6*o - 2. Calculate the remainder when 17 is divided by i(p).
7
Let y = 23 - -27. What is the remainder when y is divided by 17?
16
Let s(a) = -a + 16. What is the remainder when 75 is divided by s(-22)?
37
Calculate the remainder when (-2 - (4 + -8))/(2/74) is divided by 1/(-3) - (-58)/3.
17
Let z(r) = -3 + 7 + r - 3*r + 0. What is the remainder when 49 is divided by z(-3)?
9
Suppose -2*y = -4*y + 90. Let d = 26 + -14. Calculate the remainder when y is divided by d.
9
Let a = 44 - 18. Calculate the remainder when a is divided by 27/(-15)*(-2 - 3).
8
Let w(g) = 21*g - 34. What is the remainder when 84 is divided by w(3)?
26
Calculate the remainder when 0 + (-4)/2 + 62 is divided by 31.
29
Let k(z) be the third derivative of z**4/24 - 2*z**3/3 + z**2. Let g be k(0). Calculate the remainder when (-66)/g - 1/(-2) is divided by 9.
8
Let k be 2*3/(-6) - -116. Suppose 0 = -3*s - 5*h + k, 3*s + 3*h - 118 = h. What is the remainder when s is divided by 14?
12
Let v(l) = -l**2 - 9*l - 12. Let x be v(-8). Suppose -5*r + 87 = 2*u, 3*r = 4*r + 1. Let m = x + u. Calculate the remainder when m is divided by 22.
20
Let y be ((-26)/6)/((-2)/6). Suppose 5*t - y = -3*r, -8 = r - 5*t + 1. Let b(k) = k**2 + 9*k - 9. Calculate the remainder when r is divided by b(-10).
0
Let t(q) = -q**2 + 2*q + 6. Let v be t(-3). Let p(b) be the third derivative of -b**4/24 + b**3/6 - 2*b**2. What is the remainder when p(v) is divided by 6?
4
Suppose -3*k = -k - 66. Let l(t) = 18*t**2 + t. What is the remainder when k is divided by l(-1)?
16
Suppose 0 = s + 4*c + 9, 0*s + 3 = -2*s - 5*c. Let v = 55 + -48. Calculate the remainder when s is divided by v.
4
Suppose -76*t + 141 = -73*t. What is the remainder when t is divided by 17?
13
Let x = -9 - 14. What is the remainder when 44 is divided by x/((-3)/6*2)?
21
Suppose -3 = 4*k + 4*a - 7, 4*a = 8. Let u = 1 + 2. What is the remainder when (-3)/(-2)*2 - k is divided by u?
1
Let x = 20 - 11. Suppose -5*o = -4*o - x. Calculate the remainder when 15 is divided by o.
6
Let w(t) = t - 14. Let h be w(12). Calculate the remainder when 76 is divided by -26*1/h*2.
24
Suppose 0 = 4*o - 4*b - 44, -4 = -2*o - b + 21. Let v = o - 7. Suppose 3*c + 4*d = 14, -c - d + 0*d + v = 0. What is the remainder when 16 is divided by c?
4
Let s(i) = 2*i**2 + 10*i + 7. Let g(w) = -1. Let k(y) = 4*g(y) + s(y). What is the remainder when k(-7) is divided by 17?
14
Let a(w) = w**2 - 9*w - 3. Calculate the remainder when a(11) is divided by 10.
9
Suppose 7*h - 2*h = 2*w + 93, 20 = -5*w. What is the remainder when 63 is divided by h?
12
Suppose -f = 2*u - 23, -5*u + f - 3*f + 59 = 0. What is the remainder when u is divided by 3?
1
What is the remainder when 24 is divided by 0/(-4) - -1*14?
10
What is the remainder when 70 is divided by 0 - ((-48)/(-4))/(-2)?
4
Let x be 4/(-12)*-3 + -1. Let a = -2 - -4. Suppose x - 10 = -a*f. Calculate the remainder when f is divided by 3.
2
Let l(o) = o + 7. Let w be l(-5). Suppose 3*z = w*z + 144. Suppose -8*i = -4*i - z. Calculate the remainder when i is divided by 19.
17
Let o = -10 + 13. Suppose -o*q = -7*q + 132. What is the remainder when q is divided by 7?
5
Let b(p) be the third derivative of -4*p**2 + 0*p - 1/60*p**5 - 1/120*p**6 + 7/2*p**3 - 1/24*p**4 + 0. Calculate the remainder when b(0) is divided by 11.
10
Suppose -2*k = -2*c - 24, 0*k + 39 = 2*k + 3*c. Suppose 2*i - 4 - 4 = 0. Calculate the remainder when k is divided by i.
3
Suppose s = -d + 7 + 11, 5*s + 2*d = 81. What is the remainder when s/(4*2/8) is divided by 4?
3
Let q(a) = 2*a**2 + 2*a - 1. Let x be 2/(-4) + (-15)/(-6). What is the remainder when 19 is divided by q(x)?
8
Let a(z) = z**3 - 12*z**2 + z + 8. What is the remainder when 97 is divided by a(12)?
17
Suppose 4*r = 3*r - 20. Suppose -w - 5*l - 65 = -6*w, -23 = -2*w + 5*l. Calculate the remainder when w is divided by r/(-6)*3/2.
4
Calculate the remainder when (59/(-3))/(4/(-12)) is divided by 32.
27
Let q(s) = 18*s**2 - s - 1. What is the remainder when q(-1) is divided by 10?
8
Calculate the remainder when 57 is divided by (-1)/(-2) + (-11)/(-2).
3
Let q = 11 - -15. Suppose -f + x = -q, 0*f - 4*x - 38 = -f. What is the remainder when 41 is divided by f?
19
Let z(s) be the first derivative of s**4/4 - 5*s**3/3 + 3*s**2 + 4*s + 1. What is the remainder when z(6) is divided by 26?
24
Let q = 6 - 6. Suppose -3*w - 6 = -2*b, b + q*w - 17 = -2*w. Let d = -17 - -33. Calculate the remainder when d is divided by b.
7
Suppose 129 = 4*a - a. Let q(n) = n**2 + 13*n + 1. What is the remainder when a is divided by q(-14)?
13
Suppose 0 = -2*j - 9 - 1. Let w = 0 - j. What is the remainder when w is divided by 3?
2
Let j = 12 - 7. Suppose -3*l - 5*k + 2*k = 6, -j*l + 2*k = -25. Calculate the remainder when 53 is divided by (0 + l)*(-98)/(-21).
11
Suppose -3*d = -6*d + 12. Let k be 6/(-1) + (2 - -1). Let v = k + d. What is the remainder when 1 is divided by v?
0
Let f be (-2)/5*-5 - -27. Suppose 2*t - 67 = -3*k, -f = -4*t - 3*k + 108. Calculate the remainder when t is divided by 9.
8
Suppose 4*c + x + 0*x = 284, -92 = -c + 5*x. Calculate the remainder when c is divided by 15.
12
Let h(t) = 8*t**3 - t**2 + t - 1. Let n be h(1). Let m = n + 1. What is the remainder when 15 is divided by m?
7
Let f = 88 - 54. Calculate the remainder when f is divided by 18.
16
Let i = 128 + -35. Calculate the remainder when i is divided by 24.
21
Suppose 21 = b + 4*u, -2*b - 4*u + 95 = b. Let f = b + -18. Calculate the remainder when 55 is divided by f.
17
Suppose 2 = 2*l + 10. Calculate the remainder when (l/(-3))/(2/33) is divided by 12.
10
Suppose -2*p + 0*p + 48 = -4*f, 2*f = -4*p + 96. Suppose -j = 2*u - 101, -4*j - p = -4. What is the remainder when u is divided by 14?
11
Let l(b) = -b**2 + 5*b + 4. Let s be l(5). Suppose -5 + 193 = s*p. Calculate the remainder when p is divided by 16.
15
Suppose -23 = -5*d + 72. What is the remainder when 55 is divided by d?
17
Let j(p) = -p**2 - 10*p + 9. What is the remainder when 73 is divided by j(-8)?
23
Let c = -4 - -9. Suppose -5 = 5*d, c*i - 9*d + 4*d = 25. Suppose 0 = i*h - 3*y - 64, 4*h + 2*y = h + 65. Calculate the remainder when 36 is divided by h.
17
Let z = -18 + 38. What is the remainder when z is divided by 8?
4
Suppose 180 = 6*d + 3*d. What is the remainder when d is divided by (-2)/2*14/(-2)?
6
Suppose 3*w - 2 = 31. What is the remainder when w is divided by (-12)/2*(-2)/4?
2
Let v be (3 - 1) + (-4)/(-1). Suppose 2*q - q + 4*p + v = 0, 0 = -q 